 332*a + 24. Calculate m(6).
228
Let z(a) = 147*a**2 - 3073*a - 50. Determine z(21).
244
Let o(x) = -1110*x**3 - 18869*x**2 + 349*x + 5641. What is o(-17)?
-3
Let y(f) = -4*f**2 - 4235*f - 1004836. Calculate y(-359).
5
Let l(d) = 25*d**2 + 161*d - 4. Calculate l(-5).
-184
Let q(v) = 408*v - 126540. Calculate q(310).
-60
Let c(a) = a**3 - 4*a**2 - 185*a + 630. Determine c(0).
630
Let b(a) = 5245*a + 199310. What is b(-38)?
0
Let d(j) = -792198*j + 15051759. Determine d(19).
-3
Let o(u) = -57*u**2 - 662*u - 425. Give o(-11).
-40
Let g(f) = 5409*f - 102351. What is g(19)?
420
Let z(c) = -2*c**2 - 6108*c + 203734. Give z(33).
-8
Let j(m) = 14*m**2 + 85*m + 113. Give j(-5).
38
Let h(w) = w**2 - 690*w + 22287. Give h(34).
-17
Let h(m) = -m**2 - 3389*m + 70. What is h(0)?
70
Let c(k) = -472*k + 120906. Determine c(256).
74
Let f(u) = -2*u**2 - 1685*u - 11685. Give f(-7).
12
Let v(f) = 316*f**3 - 4*f**2 - 51*f - 48. Calculate v(-1).
-317
Let u(n) = 3*n**3 - 14*n**2 + 23. What is u(6)?
167
Let f(h) = -1594*h - 270968. Give f(-170).
12
Let p(q) = 84*q**2 + 13060*q - 310. Calculate p(-155).
-6510
Let z(a) = -a**3 - 30*a**2 - 153*a + 21. Give z(-6).
75
Let h(y) = 1884*y - 552018. Calculate h(293).
-6
Let m(z) = -482*z + 23617. Determine m(49).
-1
Let y(b) = 4*b - 254. What is y(-24)?
-350
Let d(i) = 247*i - 711. Calculate d(3).
30
Let f(j) = -j**3 + 531*j**2 - 2196*j + 601989. Determine f(529).
-13
Let g(d) = 2*d**2 - 7157*d + 21449. Give g(3).
-4
Let u(l) = -35*l**2 + 2807*l + 14141. What is u(-5)?
-769
Let c(y) = 11742*y + 363992. Give c(-31).
-10
Let j(n) = 2*n**2 + 833*n + 29545. Determine j(-36).
2149
Let v(o) = o**3 + 6*o**2 - 113*o - 12. What is v(8)?
-20
Let l(j) = -j**3 + 27*j**2 - 127*j + 778. Calculate l(23).
-27
Let c(b) = -b**2 - 335*b - 25176. Give c(-122).
810
Let u(g) = 3*g**2 + 441*g - 34097. What is u(56)?
7
Let d(b) = -242*b**2 - 133*b - 132. Give d(-1).
-241
Let a(k) = 2*k**3 + 60*k**2 + 344*k - 120. Calculate a(-22).
56
Let w(r) = 455*r**2 + 2822*r + 160. Calculate w(-6).
-392
Let l(i) = -8*i - 565. What is l(-91)?
163
Let z(u) = -2800*u - 56397. Calculate z(-21).
2403
Let z(q) = 85*q + 81. Calculate z(-10).
-769
Let p(a) = -a**3 + 791*a**2 - 65464*a - 37648. Determine p(697).
-10
Let s(f) = 27*f**2 + 3279*f + 4684. Calculate s(-120).
4
Let w(h) = -h**3 - 65*h**2 - 1515*h - 110482. Give w(-67).
1
Let g(q) = 6*q**3 + 4*q**2 + 60671*q - 60671. Determine g(1).
10
Let w(a) = 10*a**2 + 2090*a - 3312. Determine w(-208).
-5392
Let q(a) = 1936*a + 7203. Calculate q(-4).
-541
Let d(b) = -9*b**3 - 1101*b**2 - 361*b + 605. What is d(-122)?
-5
Let w(a) = -a**3 + 8*a**2 - 252*a + 2885. What is w(10)?
165
Let d(t) = -136*t**2 - 175*t - 970. Calculate d(-5).
-3495
Let m(r) = -r**2 + 486*r - 58843. What is m(268)?
-419
Let z(f) = -f**3 - 195*f**2 + 240*f + 8755. Determine z(-196).
131
Let i(p) = p**3 - 52*p**2 + 565*p - 23411. What is i(50)?
-161
Let q(b) = 2*b**3 + 50*b**2 + 1035*b + 8676. What is q(-12)?
0
Let v(j) = -j**3 - 101*j**2 - 1605*j + 1207. What is v(-81)?
-8
Let k(j) = -j**3 - 33*j**2 - 15*j - 729. Determine k(-33).
-234
Let k(n) = 198067*n - 594193. Give k(3).
8
Let c(t) = -1690*t + 1348633. Calculate c(798).
13
Let w(m) = 8*m**3 - 673*m**2 + 79*m + 394. Give w(84).
-26
Let o(k) = 34280*k - 4010760. Determine o(117).
0
Let i(r) = -r**2 - 48*r - 11. Give i(-17).
516
Let g(r) = -20917*r + 4016055. What is g(192)?
-9
Let o(n) = n**3 + 26*n**2 - 211*n - 5517. Give o(-26).
-31
Let j(y) = -690*y + 25468. Determine j(37).
-62
Let l(t) = -8*t**2 - 406*t - 2764. Calculate l(-43).
-98
Let o(n) = -n**3 - 456*n**2 - 2742*n - 18915. Calculate o(-450).
-15
Let t(w) = -w**2 + 730*w - 32779. Calculate t(48).
-43
Let s(r) = 56*r - 226. Determine s(-31).
-1962
Let a(x) = 58*x**2 - 17112*x + 675. Determine a(295).
85
Let b(k) = 63042*k - 2017330. Determine b(32).
14
Let k(p) = 1167*p - 36610. Calculate k(28).
-3934
Let g(f) = f**3 - 9*f**2 - 123942*f + 1734210. What is g(14)?
2
Let y(h) = -h**2 + 17666*h + 300689. Give y(-17).
78
Let u(y) = -91*y**2 + 37233*y - 5734. What is u(409)?
-8
Let l(i) = 5*i**3 + 224*i**2 - 241*i + 1609. Give l(-46).
-1
Let r(h) = -21*h**3 + 2103*h**2 - 217*h - 8281. What is r(100)?
19
Let s(u) = -7502*u - 217039. What is s(-29)?
519
Let f(x) = 680*x - 9286. Calculate f(13).
-446
Let t(f) = -186461*f + 372943. What is t(2)?
21
Let d(r) = r**3 + 30*r**2 + 579*r + 6844. Calculate d(-12).
2488
Let g(d) = -3*d**2 + 650*d + 3328. What is g(-5)?
3
Let u(i) = -4*i**2 - 19141*i - 76515. What is u(-4)?
-15
Let i(o) = 20*o**2 - 4010*o - 26924. Give i(207).
-14
Let n(f) = -52109*f + 1823819. What is n(35)?
4
Let a(k) = -5*k**3 - 12*k**2 + 164*k + 29. Give a(-7).
8
Let c(p) = 217546*p + 18491406. What is c(-85)?
-4
Let v(s) = 1120*s + 131029. Determine v(-117).
-11
Let r(x) = 119707*x + 2872969. Calculate r(-24).
1
Let m(l) = l**3 - l**2 + 113*l - 1470. Give m(11).
983
Let v(q) = 1128*q + 1106. Calculate v(0).
1106
Let o(w) = 2*w**3 - 16*w**2 - 278*w + 89. Give o(16).
-263
Let c(b) = 2*b**2 + 422*b - 5819. Determine c(-224).
5
Let k(y) = y**3 - 7*y**2 + 651*y + 4445. Calculate k(-7).
-798
Let y(k) = 117*k**2 + 4110*k + 305. Give y(-35).
-220
Let z(y) = 13*y**2 + 141*y - 144. What is z(-11)?
-122
Let o(g) = -4185*g**2 - 71149*g - 78. What is o(-17)?
-10
Let q(s) = -7088*s + 42447. Give q(6).
-81
Let b(x) = -149*x - 52353. Determine b(-353).
244
Let d(j) = 37*j + 18806. What is d(-489)?
713
Let s(a) = a**3 - 68*a**2 + 261*a - 13201. Determine s(67).
-203
Let l(u) = 2*u**2 - 245*u + 681. Determine l(3).
-36
Let q(a) = -2*a**3 + 41*a**2 - 182*a - 1. What is q(14)?
-1
Let a(h) = -563*h - 14352. Determine a(-24).
-840
Let o(u) = -2*u**2 + 347776*u + 347776. Give o(-1).
-2
Let w(n) = 229*n**2 - 959*n + 791. Determine w(3).
-25
Let n(l) = 5*l**2 + 1256*l + 2486. Give n(-2).
-6
Let l(b) = b**3 - 554*b**2 + 7018*b + 8190. Give l(541).
75
Let u(f) = 215*f + 68547. Determine u(-312).
1467
Let x(a) = 5*a**3 + 3*a**2 - 44*a - 158. Give x(-6).
-866
Let r(d) = 900194*d + 2700626. Give r(-3).
44
Let j(a) = 17546*a - 87646. Give j(5).
84
Let v(g) = 2*g**3 + 394*g**2 - 1200*g + 45. What is v(-200)?
45
Let w(x) = 1311*x - 642371. Give w(490).
19
Let q(p) = 5*p**2 - 848*p - 1527. Calculate q(174).
2301
Let d(k) = 1428*k - 46669. Determine d(32).
-973
Let m(x) = -156*x + 37289. Calculate m(218).
3281
Let r(v) = -111*v**3 - 6*v**2 + 67*v + 72. What is r(-1)?
110
Let i(d) = 2073*d + 665426. Determine i(-321).
-7
Let a(f) = 18*f**2 - 3068*f - 11133. Calculate a(174).
3
Let n(q) = q**3 - 261*q**2 + 3265*q - 532. Give n(13).
1
Let v(k) = -51810*k - 621727. Calculate v(-12).
-7
Let w(h) = -2905*h + 589725. Give w(203).
10
Let i(l) = l**3 - 87*l**2 + 1821*l + 2446. What is i(48)?
-2
Let x(q) = q**3 - 31*q**2 + 226*q + 41. Determine x(20).
161
Let t(f) = -167*f - 213. Determine t(4).
-881
Let d(u) = -6*u**3 + 428*u**2 + 284*u + 103. What is d(72)?
-185
Let x(i) = -3*i**3 + 9*i**2 + 1756*i - 5267. Determine x(3).
1
Let s(t) = -2*t**2 - 2*t + 1695. Determine s(33).
-549
Let j(k) = -k**2 + 1502*k + 141650. Determine j(-89).
51
Let l(i) = 25432*i - 51. What is l(0)?
-51
Let a(l) = -11*l**2 + 27483*l - 82461. Determine a(3).
-111
Let b(y) = y**3 - 430*y**2 + 4602*y + 37. Give b(11).
-40
Let b(d) = 16464*d + 329281. What is b(-20)?
1
Let k(u) = 2969*u - 12395. Determine k(5).
2450
Let t(x) = -17*x**3 + 209*x**2 + 388*x - 5367. Give t(12).
9
Let s(g) = -1127*g + 42831. What is s(38)?
5
Let i(w) = 1387*w + 967. Give i(-1).
-420
Let w(u) = -23*u**2 - 121*u + 368. Give w(3).
-202
Let v(j) = j**3 - 100*j**2 - 55105*j + 1443. Determine v(290).
-7
Let f(s) = 13*s**2 + 314*s + 41. Calculate f(-20).
-1039
Let x(b) = 753*b - 13624. Calculate x(18).
-70
Let c(j) = -25156*j - 729458. Give c(-29).
66
Let f(b) = -b**2 + 2540*b - 1013858. What is f(496)?
-34
Let g(b) = -b**3 + 50*b**2 - b - 271. Calculate g(50).
-321
Let s(p) = 2133*p + 176997. Give s(-83).
-42
Let o(k) = -18*k**2 - 1160*k + 111. Calculate o(-68).
-4241
Let l(v) = -1792*v - 89549. Determine l(-50).
51
Let c(g) = g**3 + 5*g**2 - 393*g - 3045. Calculate c(-9).
168
Let x(n) = 1798*n + 21620. What is x(-12)?
44
Let j(t) = -139*t**2 - 380*t + 486. Give j(1).
-33
Let r(l) = l**3 - 137*l**2 + 627*l + 4370. Calculate r(132).
14